se
Is 48 a factor of 85602576?
True
Does 40 divide 683856880?
True
Is 1884079901 a multiple of 2645?
False
Is 2195 a factor of 2760810257?
False
Is 1037498085 a multiple of 585?
True
Does 10 divide 128226550?
True
Is 12 a factor of 56732436?
True
Is 24895323 a multiple of 1763?
True
Is 633375443 a multiple of 6103?
True
Does 95 divide 2562380674?
False
Does 96 divide 13335072?
True
Does 184 divide 361478672?
True
Is 787802705 a multiple of 5756?
False
Does 34 divide 13909978?
True
Is 50 a factor of 85390558?
False
Is 606467169 a multiple of 2233?
True
Does 152 divide 1153732?
False
Is 21945861 a multiple of 7?
True
Does 1338 divide 18748056?
True
Is 83 a factor of 5005559517?
False
Does 3869 divide 46261633?
True
Is 12 a factor of 44582988?
True
Is 1488 a factor of 542396013?
False
Is 19 a factor of 431500469?
True
Does 1838 divide 49866778?
True
Is 23023952 a multiple of 4976?
True
Is 64218069 a multiple of 483?
False
Is 5189265 a multiple of 7?
False
Is 459 a factor of 54843456?
False
Does 1963 divide 1230483633?
False
Is 68546814 a multiple of 2382?
True
Is 1596 a factor of 215977104?
True
Is 10740988 a multiple of 3?
False
Does 326 divide 217279978?
True
Is 12 a factor of 744979622?
False
Is 116049996 a multiple of 162?
True
Does 195 divide 3312079875?
True
Is 540 a factor of 151532926?
False
Is 1808 a factor of 26379171?
False
Is 207 a factor of 73955511?
True
Is 793 a factor of 465237561?
False
Does 105 divide 60381405?
True
Does 11 divide 26515500?
True
Is 981 a factor of 4859874?
True
Does 5674 divide 577851508?
True
Is 130 a factor of 3865151?
False
Is 32709679 a multiple of 710?
False
Is 23111781 a multiple of 231?
True
Is 30 a factor of 268681020?
True
Does 239 divide 8126478?
True
Is 9 a factor of 62093183?
False
Is 456667596 a multiple of 462?
True
Is 279855 even?
False
Is 159 a factor of 1180259305?
False
Is 339395733 a multiple of 607?
False
Does 4 divide 30285372?
True
Is 97756284 a multiple of 30?
False
Is 10170000 a multiple of 250?
True
Is 66 a factor of 38667563?
False
Does 18 divide 443431584?
True
Does 50 divide 27358350?
True
Does 88 divide 47465616?
True
Does 8 divide 6964672?
True
Does 257 divide 1428149?
True
Is 18325338 a multiple of 173?
False
Is 115 a factor of 1036896362?
False
Is 196 a factor of 120938085?
False
Is 33874268 a multiple of 4?
True
Does 70 divide 55565880?
False
Is 6 a factor of 29011428?
True
Is 60761952 a multiple of 92?
True
Is 28 a factor of 24025800?
False
Does 18 divide 106904041?
False
Is 1705 a factor of 51298290?
False
Is 641471369 a multiple of 95?
False
Does 30 divide 190770326?
False
Does 5703 divide 4255194087?
False
Is 561 a factor of 682993377?
True
Is 23 a factor of 185307546?
False
Is 64302179 a multiple of 50?
False
Is 31 a factor of 111694085?
True
Does 105 divide 1422182055?
True
Does 193 divide 19111332?
False
Is 429 a factor of 66631678?
False
Does 92 divide 539307309?
False
Is 44091250 a multiple of 4929?
False
Does 7 divide 32617837?
True
Is 140312593 a multiple of 136?
False
Is 351741117 a multiple of 21?
True
Is 37917861 a multiple of 435?
False
Does 8 divide 3380747?
False
Does 506 divide 14421044?
False
Does 20 divide 404381640?
True
Does 13 divide 734071933?
False
Is 238214599 a multiple of 410?
False
Is 8 a factor of 8972616?
True
Does 662 divide 345887718?
True
Does 75 divide 4052400?
True
Is 17637332 a multiple of 4?
True
Is 136 a factor of 55650248?
True
Does 1131 divide 1081159092?
True
Is 75487138 a multiple of 616?
False
Is 132605914 a multiple of 356?
False
Does 21 divide 412543005?
True
Does 10 divide 292320720?
True
Is 413 a factor of 279754223?
True
Is 602966379 a multiple of 3082?
False
Is 485 a factor of 6461655?
True
Is 4601254229 a multiple of 11?
True
Is 989275 a multiple of 175?
True
Is 5183828 a multiple of 30?
False
Does 3795 divide 69437115?
True
Does 213 divide 12765729?
True
Is 17 a factor of 1186196053?
False
Is 23499470 a multiple of 42?
False
Is 33989018 a multiple of 79?
False
Is 8523780 a multiple of 60?
True
Does 69 divide 14219727?
True
Is 3 a factor of 34104337?
False
Is 1765 a factor of 204222855?
True
Is 71 a factor of 1588451648?
False
Is 142 a factor of 257159967?
False
Does 11 divide 497795270?
False
Does 821 divide 356570973?
True
Is 13 a factor of 1758085927?
True
Is 179375968 a multiple of 16?
True
Does 1486 divide 316896214?
False
Is 4892643 a multiple of 21?
True
Is 31 a factor of 18603338?
False
Is 110039986 a multiple of 1292?
False
Is 3202 a factor of 2411662886?
False
Is 371558199 a multiple of 101?
False
Is 110290304 a multiple of 57?
False
Is 510666684 a multiple of 319?
True
Does 3397 divide 338417146?
False
Is 232 a factor of 23024146?
False
Does 32 divide 72664940?
False
Is 283 a factor of 134509334?
True
Is 3 a factor of 377419110?
True
Is 288 a factor of 428056618?
False
Is 38208666 a multiple of 298?
True
Does 323 divide 171999115?
True
Is 15635278 a multiple of 145?
False
Is 1482584896 a multiple of 832?
True
Is 13655494 a multiple of 195?
False
Does 125 divide 263466250?
True
Does 1105 divide 44903755?
False
Does 76 divide 39355460?
True
Is 1674972852 a multiple of 553?
True
Is 6 a factor of 14761266?
True
Is 124 a factor of 211616416?
True
Does 840 divide 22461389?
False
Does 615 divide 6543227?
False
Does 26 divide 186628052?
True
Is 362 a factor of 211263924?
True
Is 42504216 a multiple of 34?
True
Does 74 divide 486329320?
False
Does 528 divide 37275850?
False
Is 42 a factor of 151749380?
False
Is 17389867 a multiple of 11?
True
Is 176645389 a multiple of 323?
False
Is 2842014232 a multiple of 32?
False
Is 93803746 a multiple of 18?
False
Is 4084 a factor of 300284268?
True
Does 2703 divide 2760629708?
False
Does 11 divide 51396981?
False
Does 13 divide 20627516?
True
Is 114 a factor of 153694800?
True
Is 548 a factor of 50551713?
False
Is 2352504 a multiple of 536?
True
Does 1446 divide 76172388?
True
Is 21 a factor of 194574744?
True
Is 5405 a factor of 142108260?
True
Is 163340100 a multiple of 462?
True
Is 1707617432 a multiple of 83?
True
Is 990 a factor of 26479530?
True
Does 4 divide 657629?
False
Does 148 divide 48179519?
False
Is 7 a factor of 28322924?
True
Is 339286537 a multiple of 1893?
False
Is 668991 a multiple of 957?
False
Is 649 a factor of 25759459?
True
Does 3682 divide 3170856?
False
Is 4016 a factor of 197775952?
True
Is 45654402 a multiple of 1886?
True
Does 458 divide 12368584?
False
Is 25314521 a multiple of 1386?
False
Is 2110 a factor of 26711185?
False
Is 113 a factor of 1177980817?
True
Is 2 a factor of 75679584?
True
Does 11 divide 32341725?
False
Does 23 divide 4422584685?
False
Does 74 divide 771933308?
False
Does 132 divide 360623041?
False
Does 1132 divide 86794673?
False
Is 46174446 a multiple of 1558?
True
Is 87 a factor of 398774144?
False
Does 169 divide 19161727?
True
Does 11 divide 14636413?
True
Does 7 divide 375878384?
True
Is 3609749 a multiple of 16?
False
Is 4701097200 a multiple of 30?
True
Does 41 divide 115220414?
True
Does 30 divide 1492720?
False
Does 193 divide 15004277?
False
Is 1245796 a multiple of 30?
False
Does 7145 divide 2258186225?
False
Is 439910443 a multiple of 23?
True
Is 221 a factor of 47921812?
False
Is 207372888 a multiple of 24?
True
Is 361 a factor of 264333276?
False
Does 649 divide 188050006?
False
Is 68975630 a multiple of 2890?
True
Does 9 divide 175227634?
False
Is 60 a factor of 40280460?
True
Is 171299215 a multiple of 262?
False
Is 14 a factor of 710471328?
True
Does 191 divide 121896947?
False
Is 5 a factor of 2751854?
False
Is 201530949 a multiple of 68?
False
Is 73017688 a multiple of 11?
False
Is 830 a factor of 12537980?
True
Is 341631919 a multiple of 25?
False
Is 75957677 a multiple of 4?
False
Is 304 a factor of 159286597?
False
Does 3 divide 75372596?
False
Is 49597348 a multiple of 31?
False
Is 1221449990 a multiple of 2503?
False
Is 12372533 a multiple of 114?
False
Is 193 a factor of 205448886?
True
Is 4 a factor of 1063436640?
True
Is 4195680330 a multiple of 3370?
True
Does 356 divide 76888933?
False
Is 592 a factor of 50732624?
True
Does 13 divide 1043779412?
True
Is 406 a factor of 235983756?
False
Does 13 divide 68799239?
False
Is 967 a factor of 23616185?
False
Is 46 a factor of 205703805?
False
Is 100117597 a multi